{"id":6,"date":"2025-11-25T09:19:04","date_gmt":"2025-11-25T08:19:04","guid":{"rendered":"https:\/\/yannis.berteloot.startevo.info\/wordpress\/?page_id=6"},"modified":"2025-11-25T10:15:31","modified_gmt":"2025-11-25T09:15:31","slug":"sneakln","status":"publish","type":"page","link":"https:\/\/yannis.berteloot.startevo.info\/wordpress\/sneakln\/","title":{"rendered":"Sneak&rsquo;ln"},"content":{"rendered":"\n<h1 class=\"wp-block-heading alignwide has-text-align-center has-medium-font-size\"><strong>Notre Histoire <\/strong><\/h1>\n\n\n\n<blockquote class=\"wp-block-quote is-layout-flow wp-block-quote-is-layout-flow\">\n<p>Nous sommes une marque de basket<strong> fran\u00e7aise \u00e9co-responsable<\/strong> cr\u00e9e en 2021par Maxime Delcourt et Ines Lemoine. <\/p>\n\n\n\n<p class=\"has-ast-global-color-6-color has-text-color has-link-color wp-elements-fa954a9314f57afd8d0cc724ae62c8f0\">Nous sommes arriv\u00e9 sur le march\u00e9 juste apr\u00e8s le Covid avec des ambitions et des valeurs bien pr\u00e9sente car chez nous \u00ab\u00a0Chaque pas compte\u00a0\u00bb : proposer des skeakers avec style, confort et durable fabriqu\u00e9 avec des mat\u00e9riaux recycl\u00e9s. L&rsquo;id\u00e9e est forte car le but est de prouver qu&rsquo;il est toute \u00e0 fait possible de conjuguer mode, \u00e9cologie et accessibilit\u00e9.<\/p>\n\n\n\n<p><\/p>\n\n\n\n<div class=\"wp-block-media-text is-stacked-on-mobile is-image-fill-element is-style-rounded\" style=\"grid-template-columns:53% auto\"><figure class=\"wp-block-media-text__media\"><img loading=\"lazy\" decoding=\"async\" width=\"900\" height=\"600\" src=\"https:\/\/yannis.berteloot.startevo.info\/wordpress\/wp-content\/uploads\/2025\/11\/photo-wordpress-4-1.png\" alt=\"\" class=\"wp-image-9 size-full\" style=\"object-position:50% 50%\" srcset=\"https:\/\/yannis.berteloot.startevo.info\/wordpress\/wp-content\/uploads\/2025\/11\/photo-wordpress-4-1.png 900w, https:\/\/yannis.berteloot.startevo.info\/wordpress\/wp-content\/uploads\/2025\/11\/photo-wordpress-4-1-300x200.png 300w, https:\/\/yannis.berteloot.startevo.info\/wordpress\/wp-content\/uploads\/2025\/11\/photo-wordpress-4-1-768x512.png 768w\" sizes=\"auto, (max-width: 900px) 100vw, 900px\" \/><\/figure><div class=\"wp-block-media-text__content\">\n<p class=\"has-ast-global-color-4-color has-black-background-color has-text-color has-background has-link-color has-x-large-font-size wp-elements-bc80804327f2516c346a43753cb33ae3\"><strong>Des valeurs importantes pour nous ! <\/strong><\/p>\n<\/div><\/div>\n\n\n\n<div class=\"wp-block-uagb-icon-list uagb-block-d36fdfb9\"><div class=\"uagb-icon-list__wrap\">\n<div class=\"wp-block-uagb-icon-list-child uagb-block-66b65a45\"><span class=\"uagb-icon-list__source-wrap\"><svg xmlns=\"https:\/\/www.w3.org\/2000\/svg\" viewBox=\"0 0 512 512\"><path d=\"M256 0C114.6 0 0 114.6 0 256c0 141.4 114.6 256 256 256s256-114.6 256-256C512 114.6 397.4 0 256 0zM406.6 278.6l-103.1 103.1c-12.5 12.5-32.75 12.5-45.25 0s-12.5-32.75 0-45.25L306.8 288H128C110.3 288 96 273.7 96 256s14.31-32 32-32h178.8l-49.38-49.38c-12.5-12.5-12.5-32.75 0-45.25s32.75-12.5 45.25 0l103.1 103.1C414.6 241.3 416 251.1 416 256C416 260.9 414.6 270.7 406.6 278.6z\"><\/path><\/svg><\/span><span class=\"uagb-icon-list__label\">Humaine : Nous collaborons avec des ateliers <strong>europ\u00e9ens <\/strong>qui partagent notre exigence <strong>\u00e9thique <\/strong>et nos <strong>partenaires <\/strong><\/span><\/div>\n\n\n\n<div class=\"wp-block-uagb-icon-list-child uagb-block-2c0f11d1\"><span class=\"uagb-icon-list__source-wrap\"><svg xmlns=\"https:\/\/www.w3.org\/2000\/svg\" viewBox=\"0 0 512 512\"><path d=\"M256 0C114.6 0 0 114.6 0 256c0 141.4 114.6 256 256 256s256-114.6 256-256C512 114.6 397.4 0 256 0zM406.6 278.6l-103.1 103.1c-12.5 12.5-32.75 12.5-45.25 0s-12.5-32.75 0-45.25L306.8 288H128C110.3 288 96 273.7 96 256s14.31-32 32-32h178.8l-49.38-49.38c-12.5-12.5-12.5-32.75 0-45.25s32.75-12.5 45.25 0l103.1 103.1C414.6 241.3 416 251.1 416 256C416 260.9 414.6 270.7 406.6 278.6z\"><\/path><\/svg><\/span><span class=\"uagb-icon-list__label\">Responsable : Nous s\u00e9lectionnons des mati\u00e8res recycl\u00e9es, v\u00e9gan ou <strong>certifi\u00e9es Oeako-Tex<\/strong>, pour r\u00e9duire notre empreinte \u00e9cologique. <\/span><\/div>\n\n\n\n<div class=\"wp-block-uagb-icon-list-child uagb-block-1072e025\"><span class=\"uagb-icon-list__source-wrap\"><svg xmlns=\"https:\/\/www.w3.org\/2000\/svg\" viewBox=\"0 0 512 512\"><path d=\"M256 0C114.6 0 0 114.6 0 256c0 141.4 114.6 256 256 256s256-114.6 256-256C512 114.6 397.4 0 256 0zM406.6 278.6l-103.1 103.1c-12.5 12.5-32.75 12.5-45.25 0s-12.5-32.75 0-45.25L306.8 288H128C110.3 288 96 273.7 96 256s14.31-32 32-32h178.8l-49.38-49.38c-12.5-12.5-12.5-32.75 0-45.25s32.75-12.5 45.25 0l103.1 103.1C414.6 241.3 416 251.1 416 256C416 260.9 414.6 270.7 406.6 278.6z\"><\/path><\/svg><\/span><span class=\"uagb-icon-list__label\">Cr\u00e9ative : Chaque Mod\u00e8le Sneak&rsquo;in est pens\u00e9e pour durer dans le temps tout en suivant les tendances urbaines <\/span><\/div>\n\n\n\n<div class=\"wp-block-uagb-icon-list-child uagb-block-9d9dc3a7\"><span class=\"uagb-icon-list__source-wrap\"><svg xmlns=\"https:\/\/www.w3.org\/2000\/svg\" viewBox=\"0 0 512 512\"><path d=\"M256 0C114.6 0 0 114.6 0 256c0 141.4 114.6 256 256 256s256-114.6 256-256C512 114.6 397.4 0 256 0zM406.6 278.6l-103.1 103.1c-12.5 12.5-32.75 12.5-45.25 0s-12.5-32.75 0-45.25L306.8 288H128C110.3 288 96 273.7 96 256s14.31-32 32-32h178.8l-49.38-49.38c-12.5-12.5-12.5-32.75 0-45.25s32.75-12.5 45.25 0l103.1 103.1C414.6 241.3 416 251.1 416 256C416 260.9 414.6 270.7 406.6 278.6z\"><\/path><\/svg><\/span><span class=\"uagb-icon-list__label\">Notre transparence : De la conception \u00e0 la livraison, nous communiquons avec honn\u00eatet\u00e9 sur nos pratiques et nos partenaires <\/span><\/div>\n<\/div><\/div>\n<\/blockquote>\n\n\n<ol class=\"has-avatars has-dates has-excerpts wp-block-latest-comments\"><li class=\"wp-block-latest-comments__comment\"><img alt='' src='https:\/\/secure.gravatar.com\/avatar\/8e1606e6fba450a9362af43874c1b2dfad34c782e33d0a51e1b46c18a2a567dd?s=48&#038;d=mm&#038;r=g' srcset='https:\/\/secure.gravatar.com\/avatar\/8e1606e6fba450a9362af43874c1b2dfad34c782e33d0a51e1b46c18a2a567dd?s=96&#038;d=mm&#038;r=g 2x' class='avatar avatar-48 photo wp-block-latest-comments__comment-avatar' height='48' width='48' \/><article><footer class=\"wp-block-latest-comments__comment-meta\"><a class=\"wp-block-latest-comments__comment-author\" href=\"https:\/\/fr.wordpress.org\/\">Camille D<\/a> sur <a class=\"wp-block-latest-comments__comment-link\" href=\"https:\/\/yannis.berteloot.startevo.info\/wordpress\/2025\/11\/25\/bonjour-tout-le-monde\/#comment-1\">Bonjour tout le monde\u00a0!<\/a><time datetime=\"2025-11-25T08:16:46+01:00\" class=\"wp-block-latest-comments__comment-date\">25 novembre 2025<\/time><\/footer><div class=\"wp-block-latest-comments__comment-excerpt\"><p>Super confortable ! Les baskets Sneak&rsquo;in sont l\u00e9g\u00e8res et respirantes. Livraison rapide et emballage sans plastique. Je recommande !<\/p>\n<\/div><\/article><\/li><\/ol>\n\n\t\t\t<div \n\t\t\tclass=\"wp-block-uagb-google-map uagb-google-map__wrap uagb-block-8fa93f28     \"\n\t\t\tstyle=\"\" >\n\t\t\t\t<embed\n\t\t\t\t\tclass=\"uagb-google-map__iframe\"\n\t\t\t\t\ttitle=\"Carte Google pour \"\n\t\t\t\t\tsrc=\"https:\/\/maps.google.com\/maps?q=Brainstorm%20Force&#038;z=12&#038;hl=en&#038;t=m&#038;output=embed&#038;iwloc=near\"\n\t\t\t\t\twidth=\"640\"\n\t\t\t\t\theight=\"300\"\n\t\t\t\t\tloading=\"lazy\"\n\t\t\t\t><\/embed>\n\t\t\t<\/div>\n\t\t\t\n\n\n<div class=\"wp-block-uagb-call-to-action uagb-block-c7f9a27c wp-block-button\"><div class=\"uagb-cta__wrap\"><h3 class=\"uagb-cta__title\">Je laisse mon avis <\/h3><p class=\"uagb-cta__desc\">Faite comme eux, laisser nous un avis. Chaque pas compte ! <\/p><\/div><div class=\"uagb-cta__buttons\"><a href=\"#\" class=\"uagb-cta__button-link-wrapper wp-block-button__link\" target=\"_self\" rel=\"noopener noreferrer\">Read More<svg xmlns=\"https:\/\/www.w3.org\/2000\/svg\" viewBox=\"0 0 512 512\"><path d=\"M504.3 273.6l-112.1 104c-6.992 6.484-17.18 8.218-25.94 4.406c-8.758-3.812-14.42-12.45-14.42-21.1L351.9 288H32C14.33 288 .0002 273.7 .0002 255.1S14.33 224 32 224h319.9l0-72c0-9.547 5.66-18.19 14.42-22c8.754-3.809 18.95-2.075 25.94 4.41l112.1 104C514.6 247.9 514.6 264.1 504.3 273.6z\"><\/path><\/svg><\/a><\/div><\/div>\n\n\n\n<p><\/p>\n","protected":false},"excerpt":{"rendered":"<p>Notre Histoire<\/p>\n","protected":false},"author":1,"featured_media":0,"parent":0,"menu_order":0,"comment_status":"closed","ping_status":"closed","template":"","meta":{"_uag_custom_page_level_css":"","site-sidebar-layout":"default","site-content-layout":"","ast-site-content-layout":"default","site-content-style":"default","site-sidebar-style":"default","ast-global-header-display":"","ast-banner-title-visibility":"","ast-main-header-display":"","ast-hfb-above-header-display":"","ast-hfb-below-header-display":"","ast-hfb-mobile-header-display":"","site-post-title":"","ast-breadcrumbs-content":"","ast-featured-img":"","footer-sml-layout":"","ast-disable-related-posts":"","theme-transparent-header-meta":"","adv-header-id-meta":"","stick-header-meta":"","header-above-stick-meta":"","header-main-stick-meta":"","header-below-stick-meta":"","astra-migrate-meta-layouts":"default","ast-page-background-enabled":"default","ast-page-background-meta":{"desktop":{"background-color":"var(--ast-global-color-5)","background-image":"","background-repeat":"repeat","background-position":"center center","background-size":"auto","background-attachment":"scroll","background-type":"","background-media":"","overlay-type":"","overlay-color":"","overlay-opacity":"","overlay-gradient":""},"tablet":{"background-color":"","background-image":"","background-repeat":"repeat","background-position":"center center","background-size":"auto","background-attachment":"scroll","background-type":"","background-media":"","overlay-type":"","overlay-color":"","overlay-opacity":"","overlay-gradient":""},"mobile":{"background-color":"","background-image":"","background-repeat":"repeat","background-position":"center center","background-size":"auto","background-attachment":"scroll","background-type":"","background-media":"","overlay-type":"","overlay-color":"","overlay-opacity":"","overlay-gradient":""}},"ast-content-background-meta":{"desktop":{"background-color":"var(--ast-global-color-4)","background-image":"","background-repeat":"repeat","background-position":"center center","background-size":"auto","background-attachment":"scroll","background-type":"","background-media":"","overlay-type":"","overlay-color":"","overlay-opacity":"","overlay-gradient":""},"tablet":{"background-color":"var(--ast-global-color-4)","background-image":"","background-repeat":"repeat","background-position":"center center","background-size":"auto","background-attachment":"scroll","background-type":"","background-media":"","overlay-type":"","overlay-color":"","overlay-opacity":"","overlay-gradient":""},"mobile":{"background-color":"var(--ast-global-color-4)","background-image":"","background-repeat":"repeat","background-position":"center center","background-size":"auto","background-attachment":"scroll","background-type":"","background-media":"","overlay-type":"","overlay-color":"","overlay-opacity":"","overlay-gradient":""}},"footnotes":""},"class_list":["post-6","page","type-page","status-publish","hentry"],"yoast_head":"<!-- This site is optimized with the Yoast SEO plugin v27.2 - https:\/\/yoast.com\/product\/yoast-seo-wordpress\/ -->\n<title>Sneak&#039;ln - Yannis<\/title>\n<meta name=\"robots\" content=\"index, follow, max-snippet:-1, max-image-preview:large, max-video-preview:-1\" \/>\n<link rel=\"canonical\" href=\"https:\/\/yannis.berteloot.startevo.info\/wordpress\/sneakln\/\" \/>\n<meta property=\"og:locale\" content=\"fr_FR\" \/>\n<meta property=\"og:type\" content=\"article\" \/>\n<meta property=\"og:title\" content=\"Sneak&#039;ln - Yannis\" \/>\n<meta property=\"og:description\" content=\"Notre Histoire\" \/>\n<meta property=\"og:url\" content=\"https:\/\/yannis.berteloot.startevo.info\/wordpress\/sneakln\/\" \/>\n<meta property=\"og:site_name\" content=\"Yannis\" \/>\n<meta property=\"article:modified_time\" content=\"2025-11-25T09:15:31+00:00\" \/>\n<meta property=\"og:image\" content=\"https:\/\/yannis.berteloot.startevo.info\/wordpress\/wp-content\/uploads\/2025\/11\/photo-wordpress-4-1.png\" \/>\n\t<meta property=\"og:image:width\" content=\"900\" \/>\n\t<meta property=\"og:image:height\" content=\"600\" \/>\n\t<meta property=\"og:image:type\" content=\"image\/png\" \/>\n<meta name=\"twitter:card\" content=\"summary_large_image\" \/>\n<meta name=\"twitter:label1\" content=\"Dur\u00e9e de lecture estim\u00e9e\" \/>\n\t<meta name=\"twitter:data1\" content=\"1 minute\" \/>\n<script type=\"application\/ld+json\" class=\"yoast-schema-graph\">{\"@context\":\"https:\/\/schema.org\",\"@graph\":[{\"@type\":\"WebPage\",\"@id\":\"https:\/\/yannis.berteloot.startevo.info\/wordpress\/sneakln\/\",\"url\":\"https:\/\/yannis.berteloot.startevo.info\/wordpress\/sneakln\/\",\"name\":\"Sneak'ln - Yannis\",\"isPartOf\":{\"@id\":\"https:\/\/yannis.berteloot.startevo.info\/wordpress\/#website\"},\"primaryImageOfPage\":{\"@id\":\"https:\/\/yannis.berteloot.startevo.info\/wordpress\/sneakln\/#primaryimage\"},\"image\":{\"@id\":\"https:\/\/yannis.berteloot.startevo.info\/wordpress\/sneakln\/#primaryimage\"},\"thumbnailUrl\":\"https:\/\/yannis.berteloot.startevo.info\/wordpress\/wp-content\/uploads\/2025\/11\/photo-wordpress-4-1.png\",\"datePublished\":\"2025-11-25T08:19:04+00:00\",\"dateModified\":\"2025-11-25T09:15:31+00:00\",\"breadcrumb\":{\"@id\":\"https:\/\/yannis.berteloot.startevo.info\/wordpress\/sneakln\/#breadcrumb\"},\"inLanguage\":\"fr-FR\",\"potentialAction\":[{\"@type\":\"ReadAction\",\"target\":[\"https:\/\/yannis.berteloot.startevo.info\/wordpress\/sneakln\/\"]}]},{\"@type\":\"ImageObject\",\"inLanguage\":\"fr-FR\",\"@id\":\"https:\/\/yannis.berteloot.startevo.info\/wordpress\/sneakln\/#primaryimage\",\"url\":\"https:\/\/yannis.berteloot.startevo.info\/wordpress\/wp-content\/uploads\/2025\/11\/photo-wordpress-4-1.png\",\"contentUrl\":\"https:\/\/yannis.berteloot.startevo.info\/wordpress\/wp-content\/uploads\/2025\/11\/photo-wordpress-4-1.png\",\"width\":900,\"height\":600},{\"@type\":\"BreadcrumbList\",\"@id\":\"https:\/\/yannis.berteloot.startevo.info\/wordpress\/sneakln\/#breadcrumb\",\"itemListElement\":[{\"@type\":\"ListItem\",\"position\":1,\"name\":\"Accueil\",\"item\":\"https:\/\/yannis.berteloot.startevo.info\/wordpress\/\"},{\"@type\":\"ListItem\",\"position\":2,\"name\":\"Sneak&rsquo;ln\"}]},{\"@type\":\"WebSite\",\"@id\":\"https:\/\/yannis.berteloot.startevo.info\/wordpress\/#website\",\"url\":\"https:\/\/yannis.berteloot.startevo.info\/wordpress\/\",\"name\":\"Yannis\",\"description\":\"\",\"potentialAction\":[{\"@type\":\"SearchAction\",\"target\":{\"@type\":\"EntryPoint\",\"urlTemplate\":\"https:\/\/yannis.berteloot.startevo.info\/wordpress\/?s={search_term_string}\"},\"query-input\":{\"@type\":\"PropertyValueSpecification\",\"valueRequired\":true,\"valueName\":\"search_term_string\"}}],\"inLanguage\":\"fr-FR\"}]}<\/script>\n<!-- \/ Yoast SEO plugin. -->","yoast_head_json":{"title":"Sneak'ln - Yannis","robots":{"index":"index","follow":"follow","max-snippet":"max-snippet:-1","max-image-preview":"max-image-preview:large","max-video-preview":"max-video-preview:-1"},"canonical":"https:\/\/yannis.berteloot.startevo.info\/wordpress\/sneakln\/","og_locale":"fr_FR","og_type":"article","og_title":"Sneak'ln - Yannis","og_description":"Notre Histoire","og_url":"https:\/\/yannis.berteloot.startevo.info\/wordpress\/sneakln\/","og_site_name":"Yannis","article_modified_time":"2025-11-25T09:15:31+00:00","og_image":[{"width":900,"height":600,"url":"https:\/\/yannis.berteloot.startevo.info\/wordpress\/wp-content\/uploads\/2025\/11\/photo-wordpress-4-1.png","type":"image\/png"}],"twitter_card":"summary_large_image","twitter_misc":{"Dur\u00e9e de lecture estim\u00e9e":"1 minute"},"schema":{"@context":"https:\/\/schema.org","@graph":[{"@type":"WebPage","@id":"https:\/\/yannis.berteloot.startevo.info\/wordpress\/sneakln\/","url":"https:\/\/yannis.berteloot.startevo.info\/wordpress\/sneakln\/","name":"Sneak'ln - Yannis","isPartOf":{"@id":"https:\/\/yannis.berteloot.startevo.info\/wordpress\/#website"},"primaryImageOfPage":{"@id":"https:\/\/yannis.berteloot.startevo.info\/wordpress\/sneakln\/#primaryimage"},"image":{"@id":"https:\/\/yannis.berteloot.startevo.info\/wordpress\/sneakln\/#primaryimage"},"thumbnailUrl":"https:\/\/yannis.berteloot.startevo.info\/wordpress\/wp-content\/uploads\/2025\/11\/photo-wordpress-4-1.png","datePublished":"2025-11-25T08:19:04+00:00","dateModified":"2025-11-25T09:15:31+00:00","breadcrumb":{"@id":"https:\/\/yannis.berteloot.startevo.info\/wordpress\/sneakln\/#breadcrumb"},"inLanguage":"fr-FR","potentialAction":[{"@type":"ReadAction","target":["https:\/\/yannis.berteloot.startevo.info\/wordpress\/sneakln\/"]}]},{"@type":"ImageObject","inLanguage":"fr-FR","@id":"https:\/\/yannis.berteloot.startevo.info\/wordpress\/sneakln\/#primaryimage","url":"https:\/\/yannis.berteloot.startevo.info\/wordpress\/wp-content\/uploads\/2025\/11\/photo-wordpress-4-1.png","contentUrl":"https:\/\/yannis.berteloot.startevo.info\/wordpress\/wp-content\/uploads\/2025\/11\/photo-wordpress-4-1.png","width":900,"height":600},{"@type":"BreadcrumbList","@id":"https:\/\/yannis.berteloot.startevo.info\/wordpress\/sneakln\/#breadcrumb","itemListElement":[{"@type":"ListItem","position":1,"name":"Accueil","item":"https:\/\/yannis.berteloot.startevo.info\/wordpress\/"},{"@type":"ListItem","position":2,"name":"Sneak&rsquo;ln"}]},{"@type":"WebSite","@id":"https:\/\/yannis.berteloot.startevo.info\/wordpress\/#website","url":"https:\/\/yannis.berteloot.startevo.info\/wordpress\/","name":"Yannis","description":"","potentialAction":[{"@type":"SearchAction","target":{"@type":"EntryPoint","urlTemplate":"https:\/\/yannis.berteloot.startevo.info\/wordpress\/?s={search_term_string}"},"query-input":{"@type":"PropertyValueSpecification","valueRequired":true,"valueName":"search_term_string"}}],"inLanguage":"fr-FR"}]}},"uagb_featured_image_src":{"full":false,"thumbnail":false,"medium":false,"medium_large":false,"large":false,"1536x1536":false,"2048x2048":false},"uagb_author_info":{"display_name":"yannis.berteloot","author_link":"https:\/\/yannis.berteloot.startevo.info\/wordpress\/author\/yannis-berteloot\/"},"uagb_comment_info":0,"uagb_excerpt":"Notre Histoire","_links":{"self":[{"href":"https:\/\/yannis.berteloot.startevo.info\/wordpress\/wp-json\/wp\/v2\/pages\/6","targetHints":{"allow":["GET"]}}],"collection":[{"href":"https:\/\/yannis.berteloot.startevo.info\/wordpress\/wp-json\/wp\/v2\/pages"}],"about":[{"href":"https:\/\/yannis.berteloot.startevo.info\/wordpress\/wp-json\/wp\/v2\/types\/page"}],"author":[{"embeddable":true,"href":"https:\/\/yannis.berteloot.startevo.info\/wordpress\/wp-json\/wp\/v2\/users\/1"}],"replies":[{"embeddable":true,"href":"https:\/\/yannis.berteloot.startevo.info\/wordpress\/wp-json\/wp\/v2\/comments?post=6"}],"version-history":[{"count":5,"href":"https:\/\/yannis.berteloot.startevo.info\/wordpress\/wp-json\/wp\/v2\/pages\/6\/revisions"}],"predecessor-version":[{"id":18,"href":"https:\/\/yannis.berteloot.startevo.info\/wordpress\/wp-json\/wp\/v2\/pages\/6\/revisions\/18"}],"wp:attachment":[{"href":"https:\/\/yannis.berteloot.startevo.info\/wordpress\/wp-json\/wp\/v2\/media?parent=6"}],"curies":[{"name":"wp","href":"https:\/\/api.w.org\/{rel}","templated":true}]}}